{"id":7544,"date":"2020-11-19T23:28:47","date_gmt":"2020-11-19T21:28:47","guid":{"rendered":"https:\/\/pono-bowls.de\/?page_id=7544"},"modified":"2021-03-29T12:39:19","modified_gmt":"2021-03-29T10:39:19","slug":"unser-versprechen","status":"publish","type":"page","link":"https:\/\/darmstadt.pono-bowls.de\/index.php\/unser-versprechen\/","title":{"rendered":"unser Versprechen"},"content":{"rendered":"[vc_row content_placement=&#8220;middle&#8220; bg_cws_repeat=&#8220;no-repeat&#8220; bg_cws_size=&#8220;contain&#8220; bg_image_position=&#8220;left_bottom&#8220; el_class=&#8220;center&#8220;][vc_column][vc_column_text]\r\n<h1>\u00a0<\/h1>\r\n<h1 style=\"text-align: center; color: #26463b;\">unser Versprechen<\/h1>\r\n<p>&nbsp;<\/p>\r\n<p>&nbsp;<\/p>\r\n<p><span style=\"color: #26463b;\"><\/span><\/p>\r\n<p class=\"has-medium-font-size\" style=\"text-align: center;\"><span style=\"color: #26463b;\"><span style=\"color: #26463b;\">Wir haben uns zum Ziel gesetzt, vieles anders, aber <b>vor allem<\/b>\u00a0besser zu machen!<\/span><\/span><\/p>\r\n<p><span style=\"color: #26463b;\"><\/span><\/p>\r\n<p class=\"has-medium-font-size\" style=\"text-align: center;\"><span style=\"color: #26463b;\"><strong>Verpackung<\/strong><\/span><\/p>\r\n<p><span style=\"color: #26463b;\"><!-- \/wp:paragraph --><\/span><\/p>\r\n<p style=\"text-align: center;\" align=\"center\"><span style=\"color: #26463b;\">Bereits bei der Verpackung k\u00f6nnen wir einen guten Beitrag leisten. Selbstverst\u00e4ndlich muss diese nachhaltig sein. Wir haben uns f\u00fcr Oktabagasse (dass beim Abbau von Zuckerrohr entsteht und kompostierbar ist), sowie kompostierbaren Kunststoff und Kunststoff aus Pfandflaschen (je nach Produkt) entschieden. Eine weitere M\u00f6glichkeit besteht nat\u00fcrlich, dass Ihr Eure eigene Verpackung mitbringen k\u00f6nnt!<\/span><\/p>\r\n<p style=\"text-align: center;\" align=\"center\"><span style=\"color: #26463b;\">Ebenfalls bieten wir Euch die M\u00f6glichkeit, eine \u201eMehrwegbowl\u201c bei uns mitzunehmen.<br \/>Weitere Infos findest du auf unserer Seite (Vytal Bowl)<\/span><\/p>\r\n<p style=\"text-align: center;\"><span style=\"color: #26463b;\"><!-- \/wp:paragraph -->\u00a0<\/span><\/p>\r\n<p><span style=\"color: #26463b;\"><!-- wp:paragraph {\"fontSize\":\"medium\"} --><\/span><\/p>\r\n<p class=\"has-medium-font-size\" style=\"text-align: center;\"><span style=\"color: #26463b;\"><strong>Lebensmittel<\/strong><\/span><\/p>\r\n<p><span style=\"color: #26463b;\"><!-- \/wp:paragraph --><\/span><\/p>\r\n<p style=\"text-align: center;\">Wir achten genauestens auf die Qualit\u00e4t und Herkunft unserer Lebensmittel. In erster Linie unterst\u00fctzen wir regionale Landwirte, Metzger und H\u00e4ndler.<\/p>\r\n<p style=\"text-align: center;\">Wir versprechen Dir stets 100% frische Lebensmittel aus guter Herkunft!<\/p>\r\n<p style=\"text-align: center;\">Wir verwenden keinerlei Zusatzstoffe oder Konservierungsstoffe!<\/p>\r\n<p style=\"text-align: center;\"><span style=\"color: #26463b;\"><!-- \/wp:paragraph -->\u00a0<\/span><\/p>\r\n<p><span style=\"color: #26463b;\"><!-- wp:paragraph {\"fontSize\":\"medium\"} --><\/span><\/p>\r\n<p class=\"has-medium-font-size\" style=\"text-align: center;\"><span style=\"color: #26463b;\"><strong>Alles Handgemacht<\/strong><\/span><\/p>\r\n<p><span style=\"color: #26463b;\"><!-- \/wp:paragraph --><\/span><\/p>\r\n<p style=\"text-align: center;\" align=\"center\"><span style=\"color: #26463b;\">Bei uns kommt <strong>nichts <\/strong>aus der T\u00fcte:<\/span><\/p>\r\n<p style=\"text-align: center;\" align=\"center\"><span style=\"color: #26463b;\">Alles was du bei uns w\u00e4hlst ist mit ganz viel <strong>Liebe<\/strong> und <strong>Handarbeit<\/strong> hergestellt.<\/span><\/p>\r\n<p><span style=\"color: #26463b;\"><!-- \/wp:paragraph --><\/span><\/p>\r\n<p style=\"text-align: center;\" align=\"center\"><span style=\"color: #26463b;\">Beginnend mit den So\u00dfen (\u00fcbrigens alle vegan, au\u00dfer Honig-Senf und Knobi), Salaten und Smoothies.<\/span><\/p>\r\n<p><span style=\"color: #26463b;\"><!-- \/wp:paragraph --><\/span><\/p>\r\n<p>&nbsp;<\/p>\r\n<p>&nbsp;<\/p>\r\n[\/vc_column_text][\/vc_column][\/vc_row][vc_row][vc_column][\/vc_column][\/vc_row]","protected":false},"excerpt":{"rendered":"<p>[vc_row content_placement=&#8220;middle&#8220; bg_cws_repeat=&#8220;no-repeat&#8220; bg_cws_size=&#8220;contain&#8220; bg_image_position=&#8220;left_bottom&#8220; el_class=&#8220;center&#8220;][vc_column][vc_column_text] \u00a0 unser Versprechen &nbsp; &nbsp; Wir haben uns zum Ziel gesetzt, vieles anders, aber vor allem\u00a0besser zu machen! Verpackung Bereits bei der Verpackung k\u00f6nnen wir einen guten Beitrag leisten. Selbstverst\u00e4ndlich muss diese nachhaltig sein. Wir haben uns f\u00fcr Oktabagasse (dass beim Abbau von Zuckerrohr entsteht und kompostierbar ist), sowie kompostierbaren Kunststoff und Kunststoff aus Pfandflaschen (je nach Produkt) entschieden. Eine weitere M\u00f6glichkeit besteht nat\u00fcrlich, dass Ihr Eure eigene Verpackung mitbringen k\u00f6nnt! Ebenfalls bieten wir Euch die M\u00f6glichkeit, eine \u201eMehrwegbowl\u201c bei uns mitzunehmen.Weitere Infos findest du auf unserer Seite (Vytal Bowl) \u00a0 Lebensmittel Wir achten genauestens auf die Qualit\u00e4t und Herkunft unserer Lebensmittel. In erster Linie unterst\u00fctzen wir regionale Landwirte, Metzger und H\u00e4ndler. Wir versprechen Dir stets 100% frische Lebensmittel aus guter Herkunft! Wir verwenden keinerlei Zusatzstoffe oder Konservierungsstoffe! \u00a0 Alles Handgemacht Bei uns kommt nichts aus der T\u00fcte: Alles was du bei uns w\u00e4hlst ist mit ganz viel Liebe und Handarbeit hergestellt. Beginnend mit den So\u00dfen (\u00fcbrigens alle vegan, au\u00dfer Honig-Senf und Knobi), Salaten und Smoothies. &nbsp; &nbsp; [\/vc_column_text][\/vc_column][\/vc_row][vc_row][vc_column][\/vc_column][\/vc_row]<\/p>\n","protected":false},"author":1,"featured_media":0,"parent":0,"menu_order":0,"comment_status":"closed","ping_status":"closed","template":"","meta":{"footnotes":""},"_links":{"self":[{"href":"https:\/\/darmstadt.pono-bowls.de\/index.php\/wp-json\/wp\/v2\/pages\/7544"}],"collection":[{"href":"https:\/\/darmstadt.pono-bowls.de\/index.php\/wp-json\/wp\/v2\/pages"}],"about":[{"href":"https:\/\/darmstadt.pono-bowls.de\/index.php\/wp-json\/wp\/v2\/types\/page"}],"author":[{"embeddable":true,"href":"https:\/\/darmstadt.pono-bowls.de\/index.php\/wp-json\/wp\/v2\/users\/1"}],"replies":[{"embeddable":true,"href":"https:\/\/darmstadt.pono-bowls.de\/index.php\/wp-json\/wp\/v2\/comments?post=7544"}],"version-history":[{"count":17,"href":"https:\/\/darmstadt.pono-bowls.de\/index.php\/wp-json\/wp\/v2\/pages\/7544\/revisions"}],"predecessor-version":[{"id":10972,"href":"https:\/\/darmstadt.pono-bowls.de\/index.php\/wp-json\/wp\/v2\/pages\/7544\/revisions\/10972"}],"wp:attachment":[{"href":"https:\/\/darmstadt.pono-bowls.de\/index.php\/wp-json\/wp\/v2\/media?parent=7544"}],"curies":[{"name":"wp","href":"https:\/\/api.w.org\/{rel}","templated":true}]}}